{"id":1876,"date":"2023-04-07T16:00:29","date_gmt":"2023-04-07T16:00:29","guid":{"rendered":"https:\/\/agencia25.runescript.pt\/artistas\/tiago-lima\/"},"modified":"2024-03-17T14:32:00","modified_gmt":"2024-03-17T14:32:00","slug":"tiago-lima","status":"publish","type":"artistas","link":"https:\/\/agencia25.pt\/fr\/artistes\/tiago-lima\/","title":{"rendered":"Tiago Lima"},"content":{"rendered":"<p>Tiago Lima (Lisbonne, 1995) a fr\u00e9quent\u00e9 l\u2019Escola Profissional de Teatro de Cascais et aussi l\u2019Escola Superior de Teatro e Cinema. Il a travaill\u00e9 avec Carlos Avilez dans plusieurs spectacles entre 2013 et 2015. En 2016, il a particip\u00e9 \u00e0 \u00ab A hist\u00f3ria tr\u00e1gica da vida e morte do doutor Fausto \u00bb, la pi\u00e8ce qui a \u00e9t\u00e9 le r\u00e9sultat de Oficina dos Primeiros Sintomas, \u00e9crite et mise en sc\u00e8ne par Bruno Bravo. Dans la m\u00eame ann\u00e9e il a \u00e9t\u00e9 aussi assistant de mise en sc\u00e8ne de Gon\u00e7alo Waddington dans \u00ab O nosso desporto preferido &#8211; Presente \u00bb (TNDMII, TMP-Rivoli) et en 2017 il a int\u00e9gr\u00e9 la deuxi\u00e8me partie de la t\u00e9tralogie \u00ab Futuro distante \u00bb (SLTM, TNSJ-TeCA). En 2018, il a particip\u00e9 dans la pi\u00e8ce \u00ab O dia de Sabat \u00bb (Gaivotas), par Miguel Loureiro, et il a int\u00e9gr\u00e9 l\u2019\u00e9quipe de dramaturgie du spectacle \u00ab O novo mundo \u00bb, cr\u00e9\u00e9 par la compagnie Os Possessos (Culturgest). En 2019, il a \u00e9crit et mis en sc\u00e8ne sa premi\u00e8re cr\u00e9ation \u00ab Dave, Queda-Livre \u00bb (Teatro da Polit\u00e9cnica). Dans le monde du cin\u00e9ma et de la t\u00e9l\u00e9vision, il a collabor\u00e9 avec Rodrigo Figueiredo, Jer\u00f3nimo Rocha, Sandrine Cordeiro, S\u00e9rgio Graciano, Pedro Vaz, Bernardo Rapazote et Ant\u00f3nio Tainha.<\/p>\n","protected":false},"featured_media":1745,"template":"","class_list":["post-1876","artistas","type-artistas","status-publish","has-post-thumbnail","hentry"],"acf":[],"yoast_head":"<!-- This site is optimized with the Yoast SEO plugin v27.3 - https:\/\/yoast.com\/product\/yoast-seo-wordpress\/ -->\n<title>Tiago Lima - ag\u00eancia 25<\/title>\n<meta name=\"robots\" content=\"index, follow, max-snippet:-1, max-image-preview:large, max-video-preview:-1\" \/>\n<link rel=\"canonical\" href=\"https:\/\/agencia25.pt\/fr\/artistes\/tiago-lima\/\" \/>\n<meta property=\"og:locale\" content=\"fr_FR\" \/>\n<meta property=\"og:type\" content=\"article\" \/>\n<meta property=\"og:title\" content=\"Tiago Lima - ag\u00eancia 25\" \/>\n<meta property=\"og:description\" content=\"Tiago Lima (Lisbonne, 1995) a fr\u00e9quent\u00e9 l\u2019Escola Profissional de Teatro de Cascais et aussi l\u2019Escola Superior de Teatro e Cinema. Il a travaill\u00e9 avec Carlos Avilez dans plusieurs spectacles entre 2013 et 2015. En 2016, il a particip\u00e9 \u00e0 \u00ab A hist\u00f3ria tr\u00e1gica da vida e morte do doutor Fausto \u00bb, la pi\u00e8ce qui a [&hellip;]\" \/>\n<meta property=\"og:url\" content=\"https:\/\/agencia25.pt\/fr\/artistes\/tiago-lima\/\" \/>\n<meta property=\"og:site_name\" content=\"ag\u00eancia 25\" \/>\n<meta property=\"article:modified_time\" content=\"2024-03-17T14:32:00+00:00\" \/>\n<meta property=\"og:image\" content=\"https:\/\/agencia25.pt\/wp-content\/uploads\/2023\/04\/Tiago_Lima-scaled.jpg\" \/>\n\t<meta property=\"og:image:width\" content=\"2560\" \/>\n\t<meta property=\"og:image:height\" content=\"1920\" \/>\n\t<meta property=\"og:image:type\" content=\"image\/jpeg\" \/>\n<meta name=\"twitter:card\" content=\"summary_large_image\" \/>\n<meta name=\"twitter:label1\" content=\"Dur\u00e9e de lecture estim\u00e9e\" \/>\n\t<meta name=\"twitter:data1\" content=\"2 minutes\" \/>\n<script type=\"application\/ld+json\" class=\"yoast-schema-graph\">{\"@context\":\"https:\\\/\\\/schema.org\",\"@graph\":[{\"@type\":\"WebPage\",\"@id\":\"https:\\\/\\\/agencia25.pt\\\/fr\\\/artistes\\\/tiago-lima\\\/\",\"url\":\"https:\\\/\\\/agencia25.pt\\\/fr\\\/artistes\\\/tiago-lima\\\/\",\"name\":\"Tiago Lima - ag\u00eancia 25\",\"isPartOf\":{\"@id\":\"https:\\\/\\\/agencia25.pt\\\/fr\\\/#website\"},\"primaryImageOfPage\":{\"@id\":\"https:\\\/\\\/agencia25.pt\\\/fr\\\/artistes\\\/tiago-lima\\\/#primaryimage\"},\"image\":{\"@id\":\"https:\\\/\\\/agencia25.pt\\\/fr\\\/artistes\\\/tiago-lima\\\/#primaryimage\"},\"thumbnailUrl\":\"https:\\\/\\\/agencia25.pt\\\/wp-content\\\/uploads\\\/2023\\\/04\\\/Tiago_Lima-scaled.jpg\",\"datePublished\":\"2023-04-07T16:00:29+00:00\",\"dateModified\":\"2024-03-17T14:32:00+00:00\",\"breadcrumb\":{\"@id\":\"https:\\\/\\\/agencia25.pt\\\/fr\\\/artistes\\\/tiago-lima\\\/#breadcrumb\"},\"inLanguage\":\"fr-FR\",\"potentialAction\":[{\"@type\":\"ReadAction\",\"target\":[\"https:\\\/\\\/agencia25.pt\\\/fr\\\/artistes\\\/tiago-lima\\\/\"]}]},{\"@type\":\"ImageObject\",\"inLanguage\":\"fr-FR\",\"@id\":\"https:\\\/\\\/agencia25.pt\\\/fr\\\/artistes\\\/tiago-lima\\\/#primaryimage\",\"url\":\"https:\\\/\\\/agencia25.pt\\\/wp-content\\\/uploads\\\/2023\\\/04\\\/Tiago_Lima-scaled.jpg\",\"contentUrl\":\"https:\\\/\\\/agencia25.pt\\\/wp-content\\\/uploads\\\/2023\\\/04\\\/Tiago_Lima-scaled.jpg\",\"width\":2560,\"height\":1920},{\"@type\":\"BreadcrumbList\",\"@id\":\"https:\\\/\\\/agencia25.pt\\\/fr\\\/artistes\\\/tiago-lima\\\/#breadcrumb\",\"itemListElement\":[{\"@type\":\"ListItem\",\"position\":1,\"name\":\"Home\",\"item\":\"https:\\\/\\\/agencia25.pt\\\/fr\\\/\"},{\"@type\":\"ListItem\",\"position\":2,\"name\":\"artistes\",\"item\":\"https:\\\/\\\/agencia25.pt\\\/fr\\\/artistes\\\/\"},{\"@type\":\"ListItem\",\"position\":3,\"name\":\"Tiago Lima\"}]},{\"@type\":\"WebSite\",\"@id\":\"https:\\\/\\\/agencia25.pt\\\/fr\\\/#website\",\"url\":\"https:\\\/\\\/agencia25.pt\\\/fr\\\/\",\"name\":\"ag\u00eancia 25\",\"description\":\"\",\"potentialAction\":[{\"@type\":\"SearchAction\",\"target\":{\"@type\":\"EntryPoint\",\"urlTemplate\":\"https:\\\/\\\/agencia25.pt\\\/fr\\\/?s={search_term_string}\"},\"query-input\":{\"@type\":\"PropertyValueSpecification\",\"valueRequired\":true,\"valueName\":\"search_term_string\"}}],\"inLanguage\":\"fr-FR\"}]}<\/script>\n<!-- \/ Yoast SEO plugin. -->","yoast_head_json":{"title":"Tiago Lima - ag\u00eancia 25","robots":{"index":"index","follow":"follow","max-snippet":"max-snippet:-1","max-image-preview":"max-image-preview:large","max-video-preview":"max-video-preview:-1"},"canonical":"https:\/\/agencia25.pt\/fr\/artistes\/tiago-lima\/","og_locale":"fr_FR","og_type":"article","og_title":"Tiago Lima - ag\u00eancia 25","og_description":"Tiago Lima (Lisbonne, 1995) a fr\u00e9quent\u00e9 l\u2019Escola Profissional de Teatro de Cascais et aussi l\u2019Escola Superior de Teatro e Cinema. Il a travaill\u00e9 avec Carlos Avilez dans plusieurs spectacles entre 2013 et 2015. En 2016, il a particip\u00e9 \u00e0 \u00ab A hist\u00f3ria tr\u00e1gica da vida e morte do doutor Fausto \u00bb, la pi\u00e8ce qui a [&hellip;]","og_url":"https:\/\/agencia25.pt\/fr\/artistes\/tiago-lima\/","og_site_name":"ag\u00eancia 25","article_modified_time":"2024-03-17T14:32:00+00:00","og_image":[{"width":2560,"height":1920,"url":"https:\/\/agencia25.pt\/wp-content\/uploads\/2023\/04\/Tiago_Lima-scaled.jpg","type":"image\/jpeg"}],"twitter_card":"summary_large_image","twitter_misc":{"Dur\u00e9e de lecture estim\u00e9e":"2 minutes"},"schema":{"@context":"https:\/\/schema.org","@graph":[{"@type":"WebPage","@id":"https:\/\/agencia25.pt\/fr\/artistes\/tiago-lima\/","url":"https:\/\/agencia25.pt\/fr\/artistes\/tiago-lima\/","name":"Tiago Lima - ag\u00eancia 25","isPartOf":{"@id":"https:\/\/agencia25.pt\/fr\/#website"},"primaryImageOfPage":{"@id":"https:\/\/agencia25.pt\/fr\/artistes\/tiago-lima\/#primaryimage"},"image":{"@id":"https:\/\/agencia25.pt\/fr\/artistes\/tiago-lima\/#primaryimage"},"thumbnailUrl":"https:\/\/agencia25.pt\/wp-content\/uploads\/2023\/04\/Tiago_Lima-scaled.jpg","datePublished":"2023-04-07T16:00:29+00:00","dateModified":"2024-03-17T14:32:00+00:00","breadcrumb":{"@id":"https:\/\/agencia25.pt\/fr\/artistes\/tiago-lima\/#breadcrumb"},"inLanguage":"fr-FR","potentialAction":[{"@type":"ReadAction","target":["https:\/\/agencia25.pt\/fr\/artistes\/tiago-lima\/"]}]},{"@type":"ImageObject","inLanguage":"fr-FR","@id":"https:\/\/agencia25.pt\/fr\/artistes\/tiago-lima\/#primaryimage","url":"https:\/\/agencia25.pt\/wp-content\/uploads\/2023\/04\/Tiago_Lima-scaled.jpg","contentUrl":"https:\/\/agencia25.pt\/wp-content\/uploads\/2023\/04\/Tiago_Lima-scaled.jpg","width":2560,"height":1920},{"@type":"BreadcrumbList","@id":"https:\/\/agencia25.pt\/fr\/artistes\/tiago-lima\/#breadcrumb","itemListElement":[{"@type":"ListItem","position":1,"name":"Home","item":"https:\/\/agencia25.pt\/fr\/"},{"@type":"ListItem","position":2,"name":"artistes","item":"https:\/\/agencia25.pt\/fr\/artistes\/"},{"@type":"ListItem","position":3,"name":"Tiago Lima"}]},{"@type":"WebSite","@id":"https:\/\/agencia25.pt\/fr\/#website","url":"https:\/\/agencia25.pt\/fr\/","name":"ag\u00eancia 25","description":"","potentialAction":[{"@type":"SearchAction","target":{"@type":"EntryPoint","urlTemplate":"https:\/\/agencia25.pt\/fr\/?s={search_term_string}"},"query-input":{"@type":"PropertyValueSpecification","valueRequired":true,"valueName":"search_term_string"}}],"inLanguage":"fr-FR"}]}},"_links":{"self":[{"href":"https:\/\/agencia25.pt\/fr\/wp-json\/wp\/v2\/artistas\/1876","targetHints":{"allow":["GET"]}}],"collection":[{"href":"https:\/\/agencia25.pt\/fr\/wp-json\/wp\/v2\/artistas"}],"about":[{"href":"https:\/\/agencia25.pt\/fr\/wp-json\/wp\/v2\/types\/artistas"}],"wp:featuredmedia":[{"embeddable":true,"href":"https:\/\/agencia25.pt\/fr\/wp-json\/wp\/v2\/media\/1745"}],"wp:attachment":[{"href":"https:\/\/agencia25.pt\/fr\/wp-json\/wp\/v2\/media?parent=1876"}],"curies":[{"name":"wp","href":"https:\/\/api.w.org\/{rel}","templated":true}]}}

<p>Tiago Lima (Lisbonne, 1995) a fréquenté l’Escola Profissional de Teatro de Cascais et aussi l’Escola Superior de Teatro e Cinema. Il a travaillé avec Carlos Avilez dans plusieurs spectacles entre 2013 et 2015. En 2016, il a participé à « A história trágica da vida e morte do doutor Fausto », la pièce qui a été le résultat de Oficina dos Primeiros Sintomas, écrite et mise en scène par Bruno Bravo. Dans la même année il a été aussi assistant de mise en scène de Gonçalo Waddington dans « O nosso desporto preferido &#8211; Presente » (TNDMII, TMP-Rivoli) et en 2017 il a intégré la deuxième partie de la tétralogie « Futuro distante » (SLTM, TNSJ-TeCA). En 2018, il a participé dans la pièce « O dia de Sabat » (Gaivotas), par Miguel Loureiro, et il a intégré l’équipe de dramaturgie du spectacle « O novo mundo », créé par la compagnie Os Possessos (Culturgest). En 2019, il a écrit et mis en scène sa première création « Dave, Queda-Livre » (Teatro da Politécnica). Dans le monde du cinéma et de la télévision, il a collaboré avec Rodrigo Figueiredo, Jerónimo Rocha, Sandrine Cordeiro, Sérgio Graciano, Pedro Vaz, Bernardo Rapazote et António Tainha.</p>

<!-- This site is optimized with the Yoast SEO plugin v27.3 - https://yoast.com/product/yoast-seo-wordpress/ -->
<title>Tiago Lima - agência 25</title>
<meta name="robots" content="index, follow, max-snippet:-1, max-image-preview:large, max-video-preview:-1" />
<link rel="canonical" href="https://agencia25.pt/fr/artistes/tiago-lima/" />
<meta property="og:locale" content="fr_FR" />
<meta property="og:type" content="article" />
<meta property="og:title" content="Tiago Lima - agência 25" />
<meta property="og:description" content="Tiago Lima (Lisbonne, 1995) a fréquenté l’Escola Profissional de Teatro de Cascais et aussi l’Escola Superior de Teatro e Cinema. Il a travaillé avec Carlos Avilez dans plusieurs spectacles entre 2013 et 2015. En 2016, il a participé à « A história trágica da vida e morte do doutor Fausto », la pièce qui a [&hellip;]" />
<meta property="og:url" content="https://agencia25.pt/fr/artistes/tiago-lima/" />
<meta property="og:site_name" content="agência 25" />
<meta property="article:modified_time" content="2024-03-17T14:32:00+00:00" />
<meta property="og:image" content="https://agencia25.pt/wp-content/uploads/2023/04/Tiago_Lima-scaled.jpg" />
	<meta property="og:image:width" content="2560" />
	<meta property="og:image:height" content="1920" />
	<meta property="og:image:type" content="image/jpeg" />
<meta name="twitter:card" content="summary_large_image" />
<meta name="twitter:label1" content="Durée de lecture estimée" />
	<meta name="twitter:data1" content="2 minutes" />
<script type="application/ld+json" class="yoast-schema-graph">{"@context":"https:\/\/schema.org","@graph":[{"@type":"WebPage","@id":"https:\/\/agencia25.pt\/fr\/artistes\/tiago-lima\/","url":"https:\/\/agencia25.pt\/fr\/artistes\/tiago-lima\/","name":"Tiago Lima - agência 25","isPartOf":{"@id":"https:\/\/agencia25.pt\/fr\/#website"},"primaryImageOfPage":{"@id":"https:\/\/agencia25.pt\/fr\/artistes\/tiago-lima\/#primaryimage"},"image":{"@id":"https:\/\/agencia25.pt\/fr\/artistes\/tiago-lima\/#primaryimage"},"thumbnailUrl":"https:\/\/agencia25.pt\/wp-content\/uploads\/2023\/04\/Tiago_Lima-scaled.jpg","datePublished":"2023-04-07T16:00:29+00:00","dateModified":"2024-03-17T14:32:00+00:00","breadcrumb":{"@id":"https:\/\/agencia25.pt\/fr\/artistes\/tiago-lima\/#breadcrumb"},"inLanguage":"fr-FR","potentialAction":[{"@type":"ReadAction","target":["https:\/\/agencia25.pt\/fr\/artistes\/tiago-lima\/"]}]},{"@type":"ImageObject","inLanguage":"fr-FR","@id":"https:\/\/agencia25.pt\/fr\/artistes\/tiago-lima\/#primaryimage","url":"https:\/\/agencia25.pt\/wp-content\/uploads\/2023\/04\/Tiago_Lima-scaled.jpg","contentUrl":"https:\/\/agencia25.pt\/wp-content\/uploads\/2023\/04\/Tiago_Lima-scaled.jpg","width":2560,"height":1920},{"@type":"BreadcrumbList","@id":"https:\/\/agencia25.pt\/fr\/artistes\/tiago-lima\/#breadcrumb","itemListElement":[{"@type":"ListItem","position":1,"name":"Home","item":"https:\/\/agencia25.pt\/fr\/"},{"@type":"ListItem","position":2,"name":"artistes","item":"https:\/\/agencia25.pt\/fr\/artistes\/"},{"@type":"ListItem","position":3,"name":"Tiago Lima"}]},{"@type":"WebSite","@id":"https:\/\/agencia25.pt\/fr\/#website","url":"https:\/\/agencia25.pt\/fr\/","name":"agência 25","description":"","potentialAction":[{"@type":"SearchAction","target":{"@type":"EntryPoint","urlTemplate":"https:\/\/agencia25.pt\/fr\/?s={search_term_string}"},"query-input":{"@type":"PropertyValueSpecification","valueRequired":true,"valueName":"search_term_string"}}],"inLanguage":"fr-FR"}]}</script>
<!-- / Yoast SEO plugin. -->

Tiago Lima - agência 25

Tiago Lima (Lisbonne, 1995) a fréquenté l’Escola Profissional de Teatro de Cascais et aussi l’Escola Superior de Teatro e Cinema. Il a travaillé avec Carlos Avilez dans plusieurs spectacles entre 2013 et 2015. En 2016, il a participé à « A história trágica da vida e morte do doutor Fausto », la pièce qui a [&hellip;]

agência 25
