{"id":2938,"date":"2024-10-24T18:47:38","date_gmt":"2024-10-24T18:47:38","guid":{"rendered":"https:\/\/agencia25.pt\/?post_type=artistas&#038;p=2938"},"modified":"2026-02-04T09:21:59","modified_gmt":"2026-02-04T09:21:59","slug":"grilo","status":"publish","type":"artistas","link":"https:\/\/agencia25.pt\/fr\/artistes\/grilo\/","title":{"rendered":"Grilo"},"content":{"rendered":"<p>Grilo (Porto, 1993) est un artiste sonore, performeur, compositeur, po\u00e8te et parolier, avec un int\u00e9r\u00eat marqu\u00e9 pour les langages de l&rsquo;absurde et de l&rsquo;\u00e9merveillement.<\/p>\n<p>En tant que cr\u00e9ateur, il a travaill\u00e9 sur THEORIES en collaboration avec le photographe Jo\u00e3o Hasselberg, et sur HVIT avec le r\u00e9alisateur Miguel C. Tavares. Il est \u00e9galement co-auteur de \u012a PRU VI\u2019ZAR avec Marcos Cavaleiro et se produit fr\u00e9quemment en concert en tant qu&rsquo;improvisateur-cr\u00e9ateur. Grilo fait partie du groupe Tigre, o\u00f9 il est compositeur, parolier, chanteur et pianiste. Il a publi\u00e9 deux recueils de po\u00e9sie en auto\u00e9dition : Observat\u00f3rio (2019) et Teoria do Sim (2023).<\/p>\n<p>Il a compos\u00e9 l&rsquo;op\u00e9ra de chambre Pequena Hist\u00f3ria de Um Povo com Mem\u00f3ria et particip\u00e9 \u00e0 l&rsquo;\u00e9criture du livret. Il a \u00e9galement cr\u00e9\u00e9 la conception sonore pour des pi\u00e8ces de th\u00e9\u00e2tre telles que Parallax d&rsquo;In\u00eas Garrido, O Gato Malhado e a Andorinha Sinh\u00e1 d&rsquo;Ant\u00f3nio Parra, et des bandes sonores pour des performances de danse comme coexistimos, Artifici\u0306u, et fio^ d&rsquo;In\u00eas Campos, ainsi que Considerate Lilia d&rsquo;In\u00eas et Teia Campos. Dans le domaine du cirque, il a compos\u00e9 la bande sonore de Solos a 180\u00ba de la compagnie Radar360, et dans le cin\u00e9ma, la bande sonore du film As Horas de Marta Reis et Marta Sousa Ribeiro.<\/p>\n<p>En plus de son travail de cr\u00e9ation sonore pour la danse, le cin\u00e9ma et le th\u00e9\u00e2tre, Grilo se concentre actuellement sur deux projets : FREST\u00c3O et IVU&rsquo;KAR, qui allient po\u00e9sie, musique, performance et mouvement, explorant des th\u00e8mes tels que le subliminal, l&rsquo;invisible, l&rsquo;absurde, la biographie collective, le rire et les pleurs.<\/p>\n<p>Il a enregistr\u00e9 sur plus d&rsquo;une dizaine d&rsquo;albums avec des musiciens tels que Retimbrar, Unsafe Space Garden, Paal Nilssen-Love, Christian Meaas Svendsen, Marcos Cavaleiro, Demian Cabaud, Man\u00e9 Fernandes, et Coreto Porta-Jazz.<\/p>\n","protected":false},"featured_media":2936,"template":"","class_list":["post-2938","artistas","type-artistas","status-publish","has-post-thumbnail","hentry"],"acf":[],"yoast_head":"<!-- This site is optimized with the Yoast SEO plugin v27.3 - https:\/\/yoast.com\/product\/yoast-seo-wordpress\/ -->\n<title>Grilo - ag\u00eancia 25<\/title>\n<meta name=\"description\" content=\"Grilo est un artiste sonore, performeur, compositeur, po\u00e8te et parolier, avec un int\u00e9r\u00eat marqu\u00e9 pour les langages de l&#039;absurde et de l&#039;\u00e9merveillement.\" \/>\n<meta name=\"robots\" content=\"index, follow, max-snippet:-1, max-image-preview:large, max-video-preview:-1\" \/>\n<link rel=\"canonical\" href=\"https:\/\/agencia25.pt\/fr\/artistes\/grilo\/\" \/>\n<meta property=\"og:locale\" content=\"fr_FR\" \/>\n<meta property=\"og:type\" content=\"article\" \/>\n<meta property=\"og:title\" content=\"Grilo - ag\u00eancia 25\" \/>\n<meta property=\"og:description\" content=\"Grilo est un artiste sonore, performeur, compositeur, po\u00e8te et parolier, avec un int\u00e9r\u00eat marqu\u00e9 pour les langages de l&#039;absurde et de l&#039;\u00e9merveillement.\" \/>\n<meta property=\"og:url\" content=\"https:\/\/agencia25.pt\/fr\/artistes\/grilo\/\" \/>\n<meta property=\"og:site_name\" content=\"ag\u00eancia 25\" \/>\n<meta property=\"article:modified_time\" content=\"2026-02-04T09:21:59+00:00\" \/>\n<meta property=\"og:image\" content=\"https:\/\/agencia25.pt\/wp-content\/uploads\/2024\/10\/retrato_Grilo_DR-1.jpg\" \/>\n\t<meta property=\"og:image:width\" content=\"1536\" \/>\n\t<meta property=\"og:image:height\" content=\"1792\" \/>\n\t<meta property=\"og:image:type\" content=\"image\/jpeg\" \/>\n<meta name=\"twitter:card\" content=\"summary_large_image\" \/>\n<meta name=\"twitter:label1\" content=\"Dur\u00e9e de lecture estim\u00e9e\" \/>\n\t<meta name=\"twitter:data1\" content=\"2 minutes\" \/>\n<script type=\"application\/ld+json\" class=\"yoast-schema-graph\">{\"@context\":\"https:\\\/\\\/schema.org\",\"@graph\":[{\"@type\":\"WebPage\",\"@id\":\"https:\\\/\\\/agencia25.pt\\\/fr\\\/artistes\\\/grilo\\\/\",\"url\":\"https:\\\/\\\/agencia25.pt\\\/fr\\\/artistes\\\/grilo\\\/\",\"name\":\"Grilo - ag\u00eancia 25\",\"isPartOf\":{\"@id\":\"https:\\\/\\\/agencia25.pt\\\/fr\\\/#website\"},\"primaryImageOfPage\":{\"@id\":\"https:\\\/\\\/agencia25.pt\\\/fr\\\/artistes\\\/grilo\\\/#primaryimage\"},\"image\":{\"@id\":\"https:\\\/\\\/agencia25.pt\\\/fr\\\/artistes\\\/grilo\\\/#primaryimage\"},\"thumbnailUrl\":\"https:\\\/\\\/agencia25.pt\\\/wp-content\\\/uploads\\\/2024\\\/10\\\/retrato_Grilo_DR-1.jpg\",\"datePublished\":\"2024-10-24T18:47:38+00:00\",\"dateModified\":\"2026-02-04T09:21:59+00:00\",\"description\":\"Grilo est un artiste sonore, performeur, compositeur, po\u00e8te et parolier, avec un int\u00e9r\u00eat marqu\u00e9 pour les langages de l'absurde et de l'\u00e9merveillement.\",\"breadcrumb\":{\"@id\":\"https:\\\/\\\/agencia25.pt\\\/fr\\\/artistes\\\/grilo\\\/#breadcrumb\"},\"inLanguage\":\"fr-FR\",\"potentialAction\":[{\"@type\":\"ReadAction\",\"target\":[\"https:\\\/\\\/agencia25.pt\\\/fr\\\/artistes\\\/grilo\\\/\"]}]},{\"@type\":\"ImageObject\",\"inLanguage\":\"fr-FR\",\"@id\":\"https:\\\/\\\/agencia25.pt\\\/fr\\\/artistes\\\/grilo\\\/#primaryimage\",\"url\":\"https:\\\/\\\/agencia25.pt\\\/wp-content\\\/uploads\\\/2024\\\/10\\\/retrato_Grilo_DR-1.jpg\",\"contentUrl\":\"https:\\\/\\\/agencia25.pt\\\/wp-content\\\/uploads\\\/2024\\\/10\\\/retrato_Grilo_DR-1.jpg\",\"width\":1536,\"height\":1792,\"caption\":\"\u00a9 Jo\u00e3o Hasselberg\"},{\"@type\":\"BreadcrumbList\",\"@id\":\"https:\\\/\\\/agencia25.pt\\\/fr\\\/artistes\\\/grilo\\\/#breadcrumb\",\"itemListElement\":[{\"@type\":\"ListItem\",\"position\":1,\"name\":\"Home\",\"item\":\"https:\\\/\\\/agencia25.pt\\\/fr\\\/\"},{\"@type\":\"ListItem\",\"position\":2,\"name\":\"artistes\",\"item\":\"https:\\\/\\\/agencia25.pt\\\/fr\\\/artistes\\\/\"},{\"@type\":\"ListItem\",\"position\":3,\"name\":\"Grilo\"}]},{\"@type\":\"WebSite\",\"@id\":\"https:\\\/\\\/agencia25.pt\\\/fr\\\/#website\",\"url\":\"https:\\\/\\\/agencia25.pt\\\/fr\\\/\",\"name\":\"ag\u00eancia 25\",\"description\":\"\",\"potentialAction\":[{\"@type\":\"SearchAction\",\"target\":{\"@type\":\"EntryPoint\",\"urlTemplate\":\"https:\\\/\\\/agencia25.pt\\\/fr\\\/?s={search_term_string}\"},\"query-input\":{\"@type\":\"PropertyValueSpecification\",\"valueRequired\":true,\"valueName\":\"search_term_string\"}}],\"inLanguage\":\"fr-FR\"}]}<\/script>\n<!-- \/ Yoast SEO plugin. -->","yoast_head_json":{"title":"Grilo - ag\u00eancia 25","description":"Grilo est un artiste sonore, performeur, compositeur, po\u00e8te et parolier, avec un int\u00e9r\u00eat marqu\u00e9 pour les langages de l'absurde et de l'\u00e9merveillement.","robots":{"index":"index","follow":"follow","max-snippet":"max-snippet:-1","max-image-preview":"max-image-preview:large","max-video-preview":"max-video-preview:-1"},"canonical":"https:\/\/agencia25.pt\/fr\/artistes\/grilo\/","og_locale":"fr_FR","og_type":"article","og_title":"Grilo - ag\u00eancia 25","og_description":"Grilo est un artiste sonore, performeur, compositeur, po\u00e8te et parolier, avec un int\u00e9r\u00eat marqu\u00e9 pour les langages de l'absurde et de l'\u00e9merveillement.","og_url":"https:\/\/agencia25.pt\/fr\/artistes\/grilo\/","og_site_name":"ag\u00eancia 25","article_modified_time":"2026-02-04T09:21:59+00:00","og_image":[{"width":1536,"height":1792,"url":"https:\/\/agencia25.pt\/wp-content\/uploads\/2024\/10\/retrato_Grilo_DR-1.jpg","type":"image\/jpeg"}],"twitter_card":"summary_large_image","twitter_misc":{"Dur\u00e9e de lecture estim\u00e9e":"2 minutes"},"schema":{"@context":"https:\/\/schema.org","@graph":[{"@type":"WebPage","@id":"https:\/\/agencia25.pt\/fr\/artistes\/grilo\/","url":"https:\/\/agencia25.pt\/fr\/artistes\/grilo\/","name":"Grilo - ag\u00eancia 25","isPartOf":{"@id":"https:\/\/agencia25.pt\/fr\/#website"},"primaryImageOfPage":{"@id":"https:\/\/agencia25.pt\/fr\/artistes\/grilo\/#primaryimage"},"image":{"@id":"https:\/\/agencia25.pt\/fr\/artistes\/grilo\/#primaryimage"},"thumbnailUrl":"https:\/\/agencia25.pt\/wp-content\/uploads\/2024\/10\/retrato_Grilo_DR-1.jpg","datePublished":"2024-10-24T18:47:38+00:00","dateModified":"2026-02-04T09:21:59+00:00","description":"Grilo est un artiste sonore, performeur, compositeur, po\u00e8te et parolier, avec un int\u00e9r\u00eat marqu\u00e9 pour les langages de l'absurde et de l'\u00e9merveillement.","breadcrumb":{"@id":"https:\/\/agencia25.pt\/fr\/artistes\/grilo\/#breadcrumb"},"inLanguage":"fr-FR","potentialAction":[{"@type":"ReadAction","target":["https:\/\/agencia25.pt\/fr\/artistes\/grilo\/"]}]},{"@type":"ImageObject","inLanguage":"fr-FR","@id":"https:\/\/agencia25.pt\/fr\/artistes\/grilo\/#primaryimage","url":"https:\/\/agencia25.pt\/wp-content\/uploads\/2024\/10\/retrato_Grilo_DR-1.jpg","contentUrl":"https:\/\/agencia25.pt\/wp-content\/uploads\/2024\/10\/retrato_Grilo_DR-1.jpg","width":1536,"height":1792,"caption":"\u00a9 Jo\u00e3o Hasselberg"},{"@type":"BreadcrumbList","@id":"https:\/\/agencia25.pt\/fr\/artistes\/grilo\/#breadcrumb","itemListElement":[{"@type":"ListItem","position":1,"name":"Home","item":"https:\/\/agencia25.pt\/fr\/"},{"@type":"ListItem","position":2,"name":"artistes","item":"https:\/\/agencia25.pt\/fr\/artistes\/"},{"@type":"ListItem","position":3,"name":"Grilo"}]},{"@type":"WebSite","@id":"https:\/\/agencia25.pt\/fr\/#website","url":"https:\/\/agencia25.pt\/fr\/","name":"ag\u00eancia 25","description":"","potentialAction":[{"@type":"SearchAction","target":{"@type":"EntryPoint","urlTemplate":"https:\/\/agencia25.pt\/fr\/?s={search_term_string}"},"query-input":{"@type":"PropertyValueSpecification","valueRequired":true,"valueName":"search_term_string"}}],"inLanguage":"fr-FR"}]}},"_links":{"self":[{"href":"https:\/\/agencia25.pt\/fr\/wp-json\/wp\/v2\/artistas\/2938","targetHints":{"allow":["GET"]}}],"collection":[{"href":"https:\/\/agencia25.pt\/fr\/wp-json\/wp\/v2\/artistas"}],"about":[{"href":"https:\/\/agencia25.pt\/fr\/wp-json\/wp\/v2\/types\/artistas"}],"wp:featuredmedia":[{"embeddable":true,"href":"https:\/\/agencia25.pt\/fr\/wp-json\/wp\/v2\/media\/2936"}],"wp:attachment":[{"href":"https:\/\/agencia25.pt\/fr\/wp-json\/wp\/v2\/media?parent=2938"}],"curies":[{"name":"wp","href":"https:\/\/api.w.org\/{rel}","templated":true}]}}

<p>Grilo (Porto, 1993) est un artiste sonore, performeur, compositeur, poète et parolier, avec un intérêt marqué pour les langages de l&rsquo;absurde et de l&rsquo;émerveillement.</p>
<p>En tant que créateur, il a travaillé sur THEORIES en collaboration avec le photographe João Hasselberg, et sur HVIT avec le réalisateur Miguel C. Tavares. Il est également co-auteur de Ī PRU VI’ZAR avec Marcos Cavaleiro et se produit fréquemment en concert en tant qu&rsquo;improvisateur-créateur. Grilo fait partie du groupe Tigre, où il est compositeur, parolier, chanteur et pianiste. Il a publié deux recueils de poésie en autoédition : Observatório (2019) et Teoria do Sim (2023).</p>
<p>Il a composé l&rsquo;opéra de chambre Pequena História de Um Povo com Memória et participé à l&rsquo;écriture du livret. Il a également créé la conception sonore pour des pièces de théâtre telles que Parallax d&rsquo;Inês Garrido, O Gato Malhado e a Andorinha Sinhá d&rsquo;António Parra, et des bandes sonores pour des performances de danse comme coexistimos, Artificĭu, et fio^ d&rsquo;Inês Campos, ainsi que Considerate Lilia d&rsquo;Inês et Teia Campos. Dans le domaine du cirque, il a composé la bande sonore de Solos a 180º de la compagnie Radar360, et dans le cinéma, la bande sonore du film As Horas de Marta Reis et Marta Sousa Ribeiro.</p>
<p>En plus de son travail de création sonore pour la danse, le cinéma et le théâtre, Grilo se concentre actuellement sur deux projets : FRESTÃO et IVU&rsquo;KAR, qui allient poésie, musique, performance et mouvement, explorant des thèmes tels que le subliminal, l&rsquo;invisible, l&rsquo;absurde, la biographie collective, le rire et les pleurs.</p>
<p>Il a enregistré sur plus d&rsquo;une dizaine d&rsquo;albums avec des musiciens tels que Retimbrar, Unsafe Space Garden, Paal Nilssen-Love, Christian Meaas Svendsen, Marcos Cavaleiro, Demian Cabaud, Mané Fernandes, et Coreto Porta-Jazz.</p>

<!-- This site is optimized with the Yoast SEO plugin v27.3 - https://yoast.com/product/yoast-seo-wordpress/ -->
<title>Grilo - agência 25</title>
<meta name="description" content="Grilo est un artiste sonore, performeur, compositeur, poète et parolier, avec un intérêt marqué pour les langages de l&#039;absurde et de l&#039;émerveillement." />
<meta name="robots" content="index, follow, max-snippet:-1, max-image-preview:large, max-video-preview:-1" />
<link rel="canonical" href="https://agencia25.pt/fr/artistes/grilo/" />
<meta property="og:locale" content="fr_FR" />
<meta property="og:type" content="article" />
<meta property="og:title" content="Grilo - agência 25" />
<meta property="og:description" content="Grilo est un artiste sonore, performeur, compositeur, poète et parolier, avec un intérêt marqué pour les langages de l&#039;absurde et de l&#039;émerveillement." />
<meta property="og:url" content="https://agencia25.pt/fr/artistes/grilo/" />
<meta property="og:site_name" content="agência 25" />
<meta property="article:modified_time" content="2026-02-04T09:21:59+00:00" />
<meta property="og:image" content="https://agencia25.pt/wp-content/uploads/2024/10/retrato_Grilo_DR-1.jpg" />
	<meta property="og:image:width" content="1536" />
	<meta property="og:image:height" content="1792" />
	<meta property="og:image:type" content="image/jpeg" />
<meta name="twitter:card" content="summary_large_image" />
<meta name="twitter:label1" content="Durée de lecture estimée" />
	<meta name="twitter:data1" content="2 minutes" />
<script type="application/ld+json" class="yoast-schema-graph">{"@context":"https:\/\/schema.org","@graph":[{"@type":"WebPage","@id":"https:\/\/agencia25.pt\/fr\/artistes\/grilo\/","url":"https:\/\/agencia25.pt\/fr\/artistes\/grilo\/","name":"Grilo - agência 25","isPartOf":{"@id":"https:\/\/agencia25.pt\/fr\/#website"},"primaryImageOfPage":{"@id":"https:\/\/agencia25.pt\/fr\/artistes\/grilo\/#primaryimage"},"image":{"@id":"https:\/\/agencia25.pt\/fr\/artistes\/grilo\/#primaryimage"},"thumbnailUrl":"https:\/\/agencia25.pt\/wp-content\/uploads\/2024\/10\/retrato_Grilo_DR-1.jpg","datePublished":"2024-10-24T18:47:38+00:00","dateModified":"2026-02-04T09:21:59+00:00","description":"Grilo est un artiste sonore, performeur, compositeur, poète et parolier, avec un intérêt marqué pour les langages de l'absurde et de l'émerveillement.","breadcrumb":{"@id":"https:\/\/agencia25.pt\/fr\/artistes\/grilo\/#breadcrumb"},"inLanguage":"fr-FR","potentialAction":[{"@type":"ReadAction","target":["https:\/\/agencia25.pt\/fr\/artistes\/grilo\/"]}]},{"@type":"ImageObject","inLanguage":"fr-FR","@id":"https:\/\/agencia25.pt\/fr\/artistes\/grilo\/#primaryimage","url":"https:\/\/agencia25.pt\/wp-content\/uploads\/2024\/10\/retrato_Grilo_DR-1.jpg","contentUrl":"https:\/\/agencia25.pt\/wp-content\/uploads\/2024\/10\/retrato_Grilo_DR-1.jpg","width":1536,"height":1792,"caption":"© João Hasselberg"},{"@type":"BreadcrumbList","@id":"https:\/\/agencia25.pt\/fr\/artistes\/grilo\/#breadcrumb","itemListElement":[{"@type":"ListItem","position":1,"name":"Home","item":"https:\/\/agencia25.pt\/fr\/"},{"@type":"ListItem","position":2,"name":"artistes","item":"https:\/\/agencia25.pt\/fr\/artistes\/"},{"@type":"ListItem","position":3,"name":"Grilo"}]},{"@type":"WebSite","@id":"https:\/\/agencia25.pt\/fr\/#website","url":"https:\/\/agencia25.pt\/fr\/","name":"agência 25","description":"","potentialAction":[{"@type":"SearchAction","target":{"@type":"EntryPoint","urlTemplate":"https:\/\/agencia25.pt\/fr\/?s={search_term_string}"},"query-input":{"@type":"PropertyValueSpecification","valueRequired":true,"valueName":"search_term_string"}}],"inLanguage":"fr-FR"}]}</script>
<!-- / Yoast SEO plugin. -->

Grilo - agência 25

Grilo est un artiste sonore, performeur, compositeur, poète et parolier, avec un intérêt marqué pour les langages de l'absurde et de l'émerveillement.

agência 25

© João Hasselberg
