{"id":2396,"date":"2023-10-19T11:42:19","date_gmt":"2023-10-19T11:42:19","guid":{"rendered":"https:\/\/agencia25.pt\/projectos\/peco-a-palavra\/"},"modified":"2024-08-05T10:38:52","modified_gmt":"2024-08-05T10:38:52","slug":"peco-a-palavra","status":"publish","type":"projectos","link":"https:\/\/agencia25.pt\/fr\/projets\/peco-a-palavra\/","title":{"rendered":"Pe\u00e7o a Palavra"},"content":{"rendered":"<p>Dans \u00ab\u00a0Pe\u00e7o a Palavra\u00a0\u00bb (Je demande la parole), un parlement est mis en sc\u00e8ne, une assembl\u00e9e universelle o\u00f9 l&rsquo;on d\u00e9bat de la D\u00e9claration universelle des droits de l&rsquo;homme. Dans un futur proche, en 2030, des adolescents du monde entier descendent dans la rue pour r\u00e9clamer une v\u00e9ritable application de cette D\u00e9claration, seul document commun \u00e0 toutes les nations.<\/p>\n<p>Dans ce parlement, qui sera toujours film\u00e9 et projet\u00e9 en temps r\u00e9el, la politique est appel\u00e9e \u00e0 se rapprocher des jeunes et \u00e0 se remettre en question : si nous \u00e9tions tous des adolescents, qu&rsquo;adviendrait-il de cette force et de cette volont\u00e9 de changement lorsque nous occuperions des postes de pouvoir ?<\/p>\n<p>S&rsquo;appuyant sur l&rsquo;article 1 : \u00ab\u00a0Tous les \u00eatres humains naissent libres et \u00e9gaux en dignit\u00e9 et en droits\u00a0\u00bb, les d\u00e9put\u00e9s d\u00e9battent, entre caricatures et \u00e9piphanies, du droit \u00e0 \u00ab\u00a0\u00eatre qui l&rsquo;on veut\u00a0\u00bb et du devoir de se respecter et de respecter ses sp\u00e9cificit\u00e9s, en mettant l&rsquo;accent sur les questions de genre et d&rsquo;identit\u00e9.<\/p>\n<p>Avec humour, il s&rsquo;agit de susciter et d&rsquo;approfondir notre notion de l&rsquo;Autre, dans cette grande assembl\u00e9e qu&rsquo;est, apr\u00e8s tout, le th\u00e9\u00e2tre.<\/p>\n","protected":false},"excerpt":{"rendered":"<p>Dans \u00ab\u00a0Pe\u00e7o a Palavra\u00a0\u00bb (Je demande la parole), un parlement est mis en sc\u00e8ne, une assembl\u00e9e universelle o\u00f9 l&rsquo;on d\u00e9bat de la D\u00e9claration universelle des droits de l&rsquo;homme. Dans un futur proche, en 2030, des adolescents du monde entier descendent dans la rue pour r\u00e9clamer une v\u00e9ritable application de cette D\u00e9claration, seul document commun \u00e0 [&hellip;]<\/p>\n","protected":false},"featured_media":2394,"template":"","categories":[42],"class_list":["post-2396","projectos","type-projectos","status-publish","has-post-thumbnail","hentry","categories-theatre"],"acf":{"subtitle":"Teresa Coutinho, 2023","artists":[1884],"technical_sheet":"Cr\u00e9ation, texte: Teresa Coutinho\r\nInterpr\u00e9tation: Alice Azevedo, Ana Valentim, Catarina R\u00f4lo Salgueiro, L\u00facia Pires, Mariana Guarda, Rafael Gomes, Roberto Terra\r\nCam\u00e9ra, r\u00e9alisation vid\u00e9o: L\u00facia Pires et Mariana Guarda\r\nConception de la lumi\u00e8re: Pedro Nabais\r\nOp\u00e9ration vid\u00e9o: In\u00eas Paour\r\nConception sonore: L\u00facia Pires\r\nCostumes: As An\u00f3nimas\r\nChor\u00e9graphie: Teresa Coutinho\r\nSoutien au mouvement: David Marques\r\nProductrice ex\u00e9cutive: Mariana Guarda\r\nCoordination de la communication: Maria Jo\u00e3o Bilro\r\nAdministration: Janine Lages\r\nGestion financi\u00e8re: V\u00edtor Alves Brotas\r\nProduction: ag\u00eancia 5\r\nCoproduction: EGEAC \/ LU.CA - Teatro Lu\u00eds de Cam\u00f5es\r\nSoutien: Rep\u00fablica Portuguesa - Cultura | DGARTES \u2013 Dire\u00e7\u00e3o-Geral das Artes, Funda\u00e7\u00e3o Calouste Gulbenkian, Casa-Atelier - Funda\u00e7\u00e3o Arpad Szenes - Vieira da Silva\r\nR\u00e9sidences: Largo Resid\u00eancias, CAL - Primeiros Sintomas, O Rumo do Fumo\r\nPhotographie promotionnelle: Bruno Sim\u00e3o, Susana Chic\u00f3\r\nPhotographie de sc\u00e8ne: Filipe Ferreira\r\nTeaser: Pedro Macedo\/FRAMED FILMS \u2013 LU.CA\r\nRemerciements: AUEEEU, Clara Mantua, Cleo Di\u00e1ra, Filipe Silva, Francisca Caeiro, Leonardo Garibaldi, LoboMau Produ\u00e7\u00f5es, Mariana Reis, Miguel Cravo, Nuno Pinheiro, Rita Cruz, Rui Westerman, S\u00e9rgio Coragem, TBA - Teatro do Bairro Alto","attachments":null,"video":"","gallery":[2382,2385,2379,2388,2391],"partners":null},"yoast_head":"<!-- This site is optimized with the Yoast SEO plugin v27.3 - https:\/\/yoast.com\/product\/yoast-seo-wordpress\/ -->\n<title>Pe\u00e7o a Palavra - ag\u00eancia 25<\/title>\n<meta name=\"description\" content=\"Dans &quot;Pe\u00e7o a Palavra&quot; un parlement est mis en sc\u00e8ne, une assembl\u00e9e universelle o\u00f9 l&#039;on d\u00e9bat de la D\u00e9claration universelle des droits de l&#039;homme.\" \/>\n<meta name=\"robots\" content=\"index, follow, max-snippet:-1, max-image-preview:large, max-video-preview:-1\" \/>\n<link rel=\"canonical\" href=\"https:\/\/agencia25.pt\/fr\/projets\/peco-a-palavra\/\" \/>\n<meta property=\"og:locale\" content=\"fr_FR\" \/>\n<meta property=\"og:type\" content=\"article\" \/>\n<meta property=\"og:title\" content=\"Pe\u00e7o a Palavra - ag\u00eancia 25\" \/>\n<meta property=\"og:description\" content=\"Dans &quot;Pe\u00e7o a Palavra&quot; un parlement est mis en sc\u00e8ne, une assembl\u00e9e universelle o\u00f9 l&#039;on d\u00e9bat de la D\u00e9claration universelle des droits de l&#039;homme.\" \/>\n<meta property=\"og:url\" content=\"https:\/\/agencia25.pt\/fr\/projets\/peco-a-palavra\/\" \/>\n<meta property=\"og:site_name\" content=\"ag\u00eancia 25\" \/>\n<meta property=\"article:modified_time\" content=\"2024-08-05T10:38:52+00:00\" \/>\n<meta property=\"og:image\" content=\"https:\/\/agencia25.pt\/wp-content\/uploads\/2024\/05\/Banners-imagens-site-8.png\" \/>\n\t<meta property=\"og:image:width\" content=\"1920\" \/>\n\t<meta property=\"og:image:height\" content=\"974\" \/>\n\t<meta property=\"og:image:type\" content=\"image\/png\" \/>\n<meta name=\"twitter:card\" content=\"summary_large_image\" \/>\n<meta name=\"twitter:label1\" content=\"Dur\u00e9e de lecture estim\u00e9e\" \/>\n\t<meta name=\"twitter:data1\" content=\"2 minutes\" \/>\n<script type=\"application\/ld+json\" class=\"yoast-schema-graph\">{\"@context\":\"https:\\\/\\\/schema.org\",\"@graph\":[{\"@type\":\"WebPage\",\"@id\":\"https:\\\/\\\/agencia25.pt\\\/fr\\\/projets\\\/peco-a-palavra\\\/\",\"url\":\"https:\\\/\\\/agencia25.pt\\\/fr\\\/projets\\\/peco-a-palavra\\\/\",\"name\":\"Pe\u00e7o a Palavra - ag\u00eancia 25\",\"isPartOf\":{\"@id\":\"https:\\\/\\\/agencia25.pt\\\/fr\\\/#website\"},\"primaryImageOfPage\":{\"@id\":\"https:\\\/\\\/agencia25.pt\\\/fr\\\/projets\\\/peco-a-palavra\\\/#primaryimage\"},\"image\":{\"@id\":\"https:\\\/\\\/agencia25.pt\\\/fr\\\/projets\\\/peco-a-palavra\\\/#primaryimage\"},\"thumbnailUrl\":\"https:\\\/\\\/agencia25.pt\\\/wp-content\\\/uploads\\\/2024\\\/05\\\/Banners-imagens-site-8.png\",\"datePublished\":\"2023-10-19T11:42:19+00:00\",\"dateModified\":\"2024-08-05T10:38:52+00:00\",\"description\":\"Dans \\\"Pe\u00e7o a Palavra\\\" un parlement est mis en sc\u00e8ne, une assembl\u00e9e universelle o\u00f9 l'on d\u00e9bat de la D\u00e9claration universelle des droits de l'homme.\",\"breadcrumb\":{\"@id\":\"https:\\\/\\\/agencia25.pt\\\/fr\\\/projets\\\/peco-a-palavra\\\/#breadcrumb\"},\"inLanguage\":\"fr-FR\",\"potentialAction\":[{\"@type\":\"ReadAction\",\"target\":[\"https:\\\/\\\/agencia25.pt\\\/fr\\\/projets\\\/peco-a-palavra\\\/\"]}]},{\"@type\":\"ImageObject\",\"inLanguage\":\"fr-FR\",\"@id\":\"https:\\\/\\\/agencia25.pt\\\/fr\\\/projets\\\/peco-a-palavra\\\/#primaryimage\",\"url\":\"https:\\\/\\\/agencia25.pt\\\/wp-content\\\/uploads\\\/2024\\\/05\\\/Banners-imagens-site-8.png\",\"contentUrl\":\"https:\\\/\\\/agencia25.pt\\\/wp-content\\\/uploads\\\/2024\\\/05\\\/Banners-imagens-site-8.png\",\"width\":1920,\"height\":974,\"caption\":\"\u00a9 Filipe Ferreira\"},{\"@type\":\"BreadcrumbList\",\"@id\":\"https:\\\/\\\/agencia25.pt\\\/fr\\\/projets\\\/peco-a-palavra\\\/#breadcrumb\",\"itemListElement\":[{\"@type\":\"ListItem\",\"position\":1,\"name\":\"Home\",\"item\":\"https:\\\/\\\/agencia25.pt\\\/fr\\\/\"},{\"@type\":\"ListItem\",\"position\":2,\"name\":\"projets\",\"item\":\"https:\\\/\\\/agencia25.pt\\\/fr\\\/projets\\\/\"},{\"@type\":\"ListItem\",\"position\":3,\"name\":\"Pe\u00e7o a Palavra\"}]},{\"@type\":\"WebSite\",\"@id\":\"https:\\\/\\\/agencia25.pt\\\/fr\\\/#website\",\"url\":\"https:\\\/\\\/agencia25.pt\\\/fr\\\/\",\"name\":\"ag\u00eancia 25\",\"description\":\"\",\"potentialAction\":[{\"@type\":\"SearchAction\",\"target\":{\"@type\":\"EntryPoint\",\"urlTemplate\":\"https:\\\/\\\/agencia25.pt\\\/fr\\\/?s={search_term_string}\"},\"query-input\":{\"@type\":\"PropertyValueSpecification\",\"valueRequired\":true,\"valueName\":\"search_term_string\"}}],\"inLanguage\":\"fr-FR\"}]}<\/script>\n<!-- \/ Yoast SEO plugin. -->","yoast_head_json":{"title":"Pe\u00e7o a Palavra - ag\u00eancia 25","description":"Dans \"Pe\u00e7o a Palavra\" un parlement est mis en sc\u00e8ne, une assembl\u00e9e universelle o\u00f9 l'on d\u00e9bat de la D\u00e9claration universelle des droits de l'homme.","robots":{"index":"index","follow":"follow","max-snippet":"max-snippet:-1","max-image-preview":"max-image-preview:large","max-video-preview":"max-video-preview:-1"},"canonical":"https:\/\/agencia25.pt\/fr\/projets\/peco-a-palavra\/","og_locale":"fr_FR","og_type":"article","og_title":"Pe\u00e7o a Palavra - ag\u00eancia 25","og_description":"Dans \"Pe\u00e7o a Palavra\" un parlement est mis en sc\u00e8ne, une assembl\u00e9e universelle o\u00f9 l'on d\u00e9bat de la D\u00e9claration universelle des droits de l'homme.","og_url":"https:\/\/agencia25.pt\/fr\/projets\/peco-a-palavra\/","og_site_name":"ag\u00eancia 25","article_modified_time":"2024-08-05T10:38:52+00:00","og_image":[{"width":1920,"height":974,"url":"https:\/\/agencia25.pt\/wp-content\/uploads\/2024\/05\/Banners-imagens-site-8.png","type":"image\/png"}],"twitter_card":"summary_large_image","twitter_misc":{"Dur\u00e9e de lecture estim\u00e9e":"2 minutes"},"schema":{"@context":"https:\/\/schema.org","@graph":[{"@type":"WebPage","@id":"https:\/\/agencia25.pt\/fr\/projets\/peco-a-palavra\/","url":"https:\/\/agencia25.pt\/fr\/projets\/peco-a-palavra\/","name":"Pe\u00e7o a Palavra - ag\u00eancia 25","isPartOf":{"@id":"https:\/\/agencia25.pt\/fr\/#website"},"primaryImageOfPage":{"@id":"https:\/\/agencia25.pt\/fr\/projets\/peco-a-palavra\/#primaryimage"},"image":{"@id":"https:\/\/agencia25.pt\/fr\/projets\/peco-a-palavra\/#primaryimage"},"thumbnailUrl":"https:\/\/agencia25.pt\/wp-content\/uploads\/2024\/05\/Banners-imagens-site-8.png","datePublished":"2023-10-19T11:42:19+00:00","dateModified":"2024-08-05T10:38:52+00:00","description":"Dans \"Pe\u00e7o a Palavra\" un parlement est mis en sc\u00e8ne, une assembl\u00e9e universelle o\u00f9 l'on d\u00e9bat de la D\u00e9claration universelle des droits de l'homme.","breadcrumb":{"@id":"https:\/\/agencia25.pt\/fr\/projets\/peco-a-palavra\/#breadcrumb"},"inLanguage":"fr-FR","potentialAction":[{"@type":"ReadAction","target":["https:\/\/agencia25.pt\/fr\/projets\/peco-a-palavra\/"]}]},{"@type":"ImageObject","inLanguage":"fr-FR","@id":"https:\/\/agencia25.pt\/fr\/projets\/peco-a-palavra\/#primaryimage","url":"https:\/\/agencia25.pt\/wp-content\/uploads\/2024\/05\/Banners-imagens-site-8.png","contentUrl":"https:\/\/agencia25.pt\/wp-content\/uploads\/2024\/05\/Banners-imagens-site-8.png","width":1920,"height":974,"caption":"\u00a9 Filipe Ferreira"},{"@type":"BreadcrumbList","@id":"https:\/\/agencia25.pt\/fr\/projets\/peco-a-palavra\/#breadcrumb","itemListElement":[{"@type":"ListItem","position":1,"name":"Home","item":"https:\/\/agencia25.pt\/fr\/"},{"@type":"ListItem","position":2,"name":"projets","item":"https:\/\/agencia25.pt\/fr\/projets\/"},{"@type":"ListItem","position":3,"name":"Pe\u00e7o a Palavra"}]},{"@type":"WebSite","@id":"https:\/\/agencia25.pt\/fr\/#website","url":"https:\/\/agencia25.pt\/fr\/","name":"ag\u00eancia 25","description":"","potentialAction":[{"@type":"SearchAction","target":{"@type":"EntryPoint","urlTemplate":"https:\/\/agencia25.pt\/fr\/?s={search_term_string}"},"query-input":{"@type":"PropertyValueSpecification","valueRequired":true,"valueName":"search_term_string"}}],"inLanguage":"fr-FR"}]}},"_links":{"self":[{"href":"https:\/\/agencia25.pt\/fr\/wp-json\/wp\/v2\/projectos\/2396","targetHints":{"allow":["GET"]}}],"collection":[{"href":"https:\/\/agencia25.pt\/fr\/wp-json\/wp\/v2\/projectos"}],"about":[{"href":"https:\/\/agencia25.pt\/fr\/wp-json\/wp\/v2\/types\/projectos"}],"acf:attachment":[{"embeddable":true,"href":"https:\/\/agencia25.pt\/fr\/wp-json\/wp\/v2\/media\/2391"},{"embeddable":true,"href":"https:\/\/agencia25.pt\/fr\/wp-json\/wp\/v2\/media\/2388"},{"embeddable":true,"href":"https:\/\/agencia25.pt\/fr\/wp-json\/wp\/v2\/media\/2379"},{"embeddable":true,"href":"https:\/\/agencia25.pt\/fr\/wp-json\/wp\/v2\/media\/2385"},{"embeddable":true,"href":"https:\/\/agencia25.pt\/fr\/wp-json\/wp\/v2\/media\/2382"}],"acf:post":[{"embeddable":true,"href":"https:\/\/agencia25.pt\/fr\/wp-json\/wp\/v2\/artistas\/1884"}],"wp:featuredmedia":[{"embeddable":true,"href":"https:\/\/agencia25.pt\/fr\/wp-json\/wp\/v2\/media\/2394"}],"wp:attachment":[{"href":"https:\/\/agencia25.pt\/fr\/wp-json\/wp\/v2\/media?parent=2396"}],"wp:term":[{"taxonomy":"categories","embeddable":true,"href":"https:\/\/agencia25.pt\/fr\/wp-json\/wp\/v2\/categories?post=2396"}],"curies":[{"name":"wp","href":"https:\/\/api.w.org\/{rel}","templated":true}]}}

Peço a Palavra

<p>Dans « Peço a Palavra » (Je demande la parole), un parlement est mis en scène, une assemblée universelle où l&rsquo;on débat de la Déclaration universelle des droits de l&rsquo;homme. Dans un futur proche, en 2030, des adolescents du monde entier descendent dans la rue pour réclamer une véritable application de cette Déclaration, seul document commun à toutes les nations.</p>
<p>Dans ce parlement, qui sera toujours filmé et projeté en temps réel, la politique est appelée à se rapprocher des jeunes et à se remettre en question : si nous étions tous des adolescents, qu&rsquo;adviendrait-il de cette force et de cette volonté de changement lorsque nous occuperions des postes de pouvoir ?</p>
<p>S&rsquo;appuyant sur l&rsquo;article 1 : « Tous les êtres humains naissent libres et égaux en dignité et en droits », les députés débattent, entre caricatures et épiphanies, du droit à « être qui l&rsquo;on veut » et du devoir de se respecter et de respecter ses spécificités, en mettant l&rsquo;accent sur les questions de genre et d&rsquo;identité.</p>
<p>Avec humour, il s&rsquo;agit de susciter et d&rsquo;approfondir notre notion de l&rsquo;Autre, dans cette grande assemblée qu&rsquo;est, après tout, le théâtre.</p>

<p>Dans « Peço a Palavra » (Je demande la parole), un parlement est mis en scène, une assemblée universelle où l&rsquo;on débat de la Déclaration universelle des droits de l&rsquo;homme. Dans un futur proche, en 2030, des adolescents du monde entier descendent dans la rue pour réclamer une véritable application de cette Déclaration, seul document commun à [&hellip;]</p>

Création, texte: Teresa Coutinho
Interprétation: Alice Azevedo, Ana Valentim, Catarina Rôlo Salgueiro, Lúcia Pires, Mariana Guarda, Rafael Gomes, Roberto Terra
Caméra, réalisation vidéo: Lúcia Pires et Mariana Guarda
Conception de la lumière: Pedro Nabais
Opération vidéo: Inês Paour
Conception sonore: Lúcia Pires
Costumes: As Anónimas
Chorégraphie: Teresa Coutinho
Soutien au mouvement: David Marques
Productrice exécutive: Mariana Guarda
Coordination de la communication: Maria João Bilro
Administration: Janine Lages
Gestion financière: Vítor Alves Brotas
Production: agência 5
Coproduction: EGEAC / LU.CA - Teatro Luís de Camões
Soutien: República Portuguesa - Cultura | DGARTES – Direção-Geral das Artes, Fundação Calouste Gulbenkian, Casa-Atelier - Fundação Arpad Szenes - Vieira da Silva
Résidences: Largo Residências, CAL - Primeiros Sintomas, O Rumo do Fumo
Photographie promotionnelle: Bruno Simão, Susana Chicó
Photographie de scène: Filipe Ferreira
Teaser: Pedro Macedo/FRAMED FILMS – LU.CA
Remerciements: AUEEEU, Clara Mantua, Cleo Diára, Filipe Silva, Francisca Caeiro, Leonardo Garibaldi, LoboMau Produções, Mariana Reis, Miguel Cravo, Nuno Pinheiro, Rita Cruz, Rui Westerman, Sérgio Coragem, TBA - Teatro do Bairro Alto

<!-- This site is optimized with the Yoast SEO plugin v27.3 - https://yoast.com/product/yoast-seo-wordpress/ -->
<title>Peço a Palavra - agência 25</title>
<meta name="description" content="Dans &quot;Peço a Palavra&quot; un parlement est mis en scène, une assemblée universelle où l&#039;on débat de la Déclaration universelle des droits de l&#039;homme." />
<meta name="robots" content="index, follow, max-snippet:-1, max-image-preview:large, max-video-preview:-1" />
<link rel="canonical" href="https://agencia25.pt/fr/projets/peco-a-palavra/" />
<meta property="og:locale" content="fr_FR" />
<meta property="og:type" content="article" />
<meta property="og:title" content="Peço a Palavra - agência 25" />
<meta property="og:description" content="Dans &quot;Peço a Palavra&quot; un parlement est mis en scène, une assemblée universelle où l&#039;on débat de la Déclaration universelle des droits de l&#039;homme." />
<meta property="og:url" content="https://agencia25.pt/fr/projets/peco-a-palavra/" />
<meta property="og:site_name" content="agência 25" />
<meta property="article:modified_time" content="2024-08-05T10:38:52+00:00" />
<meta property="og:image" content="https://agencia25.pt/wp-content/uploads/2024/05/Banners-imagens-site-8.png" />
	<meta property="og:image:width" content="1920" />
	<meta property="og:image:height" content="974" />
	<meta property="og:image:type" content="image/png" />
<meta name="twitter:card" content="summary_large_image" />
<meta name="twitter:label1" content="Durée de lecture estimée" />
	<meta name="twitter:data1" content="2 minutes" />
<script type="application/ld+json" class="yoast-schema-graph">{"@context":"https:\/\/schema.org","@graph":[{"@type":"WebPage","@id":"https:\/\/agencia25.pt\/fr\/projets\/peco-a-palavra\/","url":"https:\/\/agencia25.pt\/fr\/projets\/peco-a-palavra\/","name":"Peço a Palavra - agência 25","isPartOf":{"@id":"https:\/\/agencia25.pt\/fr\/#website"},"primaryImageOfPage":{"@id":"https:\/\/agencia25.pt\/fr\/projets\/peco-a-palavra\/#primaryimage"},"image":{"@id":"https:\/\/agencia25.pt\/fr\/projets\/peco-a-palavra\/#primaryimage"},"thumbnailUrl":"https:\/\/agencia25.pt\/wp-content\/uploads\/2024\/05\/Banners-imagens-site-8.png","datePublished":"2023-10-19T11:42:19+00:00","dateModified":"2024-08-05T10:38:52+00:00","description":"Dans \"Peço a Palavra\" un parlement est mis en scène, une assemblée universelle où l'on débat de la Déclaration universelle des droits de l'homme.","breadcrumb":{"@id":"https:\/\/agencia25.pt\/fr\/projets\/peco-a-palavra\/#breadcrumb"},"inLanguage":"fr-FR","potentialAction":[{"@type":"ReadAction","target":["https:\/\/agencia25.pt\/fr\/projets\/peco-a-palavra\/"]}]},{"@type":"ImageObject","inLanguage":"fr-FR","@id":"https:\/\/agencia25.pt\/fr\/projets\/peco-a-palavra\/#primaryimage","url":"https:\/\/agencia25.pt\/wp-content\/uploads\/2024\/05\/Banners-imagens-site-8.png","contentUrl":"https:\/\/agencia25.pt\/wp-content\/uploads\/2024\/05\/Banners-imagens-site-8.png","width":1920,"height":974,"caption":"© Filipe Ferreira"},{"@type":"BreadcrumbList","@id":"https:\/\/agencia25.pt\/fr\/projets\/peco-a-palavra\/#breadcrumb","itemListElement":[{"@type":"ListItem","position":1,"name":"Home","item":"https:\/\/agencia25.pt\/fr\/"},{"@type":"ListItem","position":2,"name":"projets","item":"https:\/\/agencia25.pt\/fr\/projets\/"},{"@type":"ListItem","position":3,"name":"Peço a Palavra"}]},{"@type":"WebSite","@id":"https:\/\/agencia25.pt\/fr\/#website","url":"https:\/\/agencia25.pt\/fr\/","name":"agência 25","description":"","potentialAction":[{"@type":"SearchAction","target":{"@type":"EntryPoint","urlTemplate":"https:\/\/agencia25.pt\/fr\/?s={search_term_string}"},"query-input":{"@type":"PropertyValueSpecification","valueRequired":true,"valueName":"search_term_string"}}],"inLanguage":"fr-FR"}]}</script>
<!-- / Yoast SEO plugin. -->

Peço a Palavra - agência 25

Dans "Peço a Palavra" un parlement est mis en scène, une assemblée universelle où l'on débat de la Déclaration universelle des droits de l'homme.

agência 25
